ided by 3.
2
Suppose 5*a = -4*v + 457, 4*a - 4*v = -9*v + 371. Calculate the remainder when a is divided by 39.
11
Let k(m) = 0*m**3 + 3 + 2*m - 2*m**2 + 6*m**2 + m**3. Let u be k(-3). Calculate the remainder when (-77 + 3)*(-3)/u is divided by 10.
7
Let c = 3 - -1. Suppose -2*g + 2*m + 4 + 2 = 0, 6 = -2*g - c*m. Suppose -8*s = -5*s - 12. What is the remainder when s is divided by g?
0
Suppose 4 = q - 0. Let t(f) = 12*f. Let s(z) = 70*z - 1. Let c(o) = 6*s(o) - 34*t(o). What is the remainder when c(q) is divided by 15?
12
Let t(j) = 8*j**3 - 2*j**2 + 1. Suppose q + 2*u = 11, -5*q + 19 = 5*u - 11. Calculate the remainder when 21 is divided by t(q).
0
Let d = -227 + 396. Suppose 309 = 9*i + 3. Calculate the remainder when d is divided by i.
33
Let d(i) = i**2 + 15. Calculate the remainder when 101 is divided by d(-6).
50
Let p(u) = 187*u - 5. Let y be p(4). Let v be 1 + y/((-2)/(-2)). What is the remainder when ((-2)/3)/((-16)/v) is divided by 16?
15
Let a = -466 - -475. Let g(u) = u + 8. Calculate the remainder when a is divided by g(-6).
1
Let b(w) = 44*w**2 - 2*w - 1. Suppose 0 = 2*m - 4*q - 6, 0 = -2*m - 3*q + 12 + 8. Suppose -2*k + 5 = -m*k. What is the remainder when b(k) is divided by 16?
13
Suppose -2*f + 33 = -3*f. Let k = 63 + f. Suppose k = 2*b - 56. What is the remainder when b is divided by 11?
10
Let k(i) = i**3 + 18*i**2 - 30*i - 61. What is the remainder when k(-18) is divided by 13?
11
Suppose c + 75 = 5*m, 2*m - 5*m = -c - 71. Calculate the remainder when (-936)/c - 4/10 is divided by 4.
2
Suppose 0 = -3*j - 0 + 21. Suppose 6*x + 23 = 3*g + 11*x, 0 = 3*g - 5*x - 73. Let r = g - j. What is the remainder when r is divided by 4?
1
Suppose 0 = k - 3*q - 1 - 5, k + 6 = -3*q. Suppose 48 = -k*y + 2*y + 5*c, 3*y - 5*c = 47. Calculate the remainder when y is divided by 6.
1
Calculate the remainder when 38/4 - 13/26 is divided by 1.
0
Suppose -3*c - v = -71, -4*c + 8*c - 94 = -2*v. Let h = 5 + c. Suppose 4*d = 14 + 54. Calculate the remainder when h is divided by d.
12
Let k(m) = m**3 + 7*m**2 - 8*m + 10. Calculate the remainder when 48 is divided by k(-8).
8
Let s(q) = q + 10. Suppose -3*p + 38 = -4*t, -4*t = -4*p - t + 46. Suppose 169 = 5*y - 226. What is the remainder when y is divided by s(p)?
19
Let o = 38 - 33. Suppose -4*t = -2*b + 4, -2*b + t + 0 = o. Calculate the remainder when 15 - (8/4 + b) is divided by 5.
2
Let r be 4/(-5)*35/14. Let g be 4/18 - (-642)/27. What is the remainder when 2056/g - r/(-3) is divided by 22?
19
Suppose -q - 5 = -27. What is the remainder when (-6)/8 - 702/(-8) is divided by q?
21
Let b(m) = 9*m**3 - 2*m + 2. Let y be b(2). Suppose 0 = -4*l + 50 + y. Calculate the remainder when l is divided by 8.
6
Suppose 4*h + 8 - 28 = 0, 4*h = -l + 66. Calculate the remainder when l is divided by 12.
10
Suppose -4*z - 47 = 33. Let k = z + 41. Let j(i) = -952*i + 12388. What is the remainder when k is divided by j(13)?
9
Let a(g) = g**3 + g**2 + g + 2. Let i(q) = q**2 + 9*q + 8. Let z be i(-8). Calculate the remainder when (-8)/(-2) + -2 + 5 is divided by a(z).
1
Calculate the remainder when 80/(-100) + (-5408)/(-10) + -2 is divided by 12.
10
Suppose 0 = 2*q - 109 - 39. What is the remainder when q is divided by 13?
9
Let i = -74 + 123. Suppose -31 = -2*o - 3*j + 4*j, -3*o + 4*j + i = 0. Let p = 58 - 50. Calculate the remainder when o is divided by p.
7
Let u = 129 + -46. Let m = 113 - u. Calculate the remainder when m is divided by 18.
12
Let l be 15/(-6)*(9 + 1). Let o = l - -35. Calculate the remainder when (152/(-20))/((-6)/30) is divided by o.
8
Suppose -3*j - 255 = -3*w, -18*w + 19*w = -3*j + 97. What is the remainder when w is divided by 18?
16
Suppose 0 = 5*x + 2*m - 1 - 1, -5*x + 3*m = -22. Suppose o + 24 = 4*p + 2*o, x*p + o - 14 = 0. What is the remainder when 53 is divided by p?
3
Let h = -17 - -50. What is the remainder when h is divided by ((-633)/(-30) - 0) + -4 - 4/40?
16
Suppose -5*u - 11 = -4*u. Let k = u - -2. Let x(a) = -a**2 - 9*a + 7. Calculate the remainder when 19 is divided by x(k).
5
Let n be 3*((-20)/(-6))/5. Suppose -n*c - 40 + 266 = 0. Suppose 0 = -3*u + 2*u + 29. Calculate the remainder when c is divided by u.
26
Let q = -130 + 146. Suppose -2*a + 80 = v, -2*v + 4*a + 150 = 3*a. What is the remainder when v is divided by q?
12
Suppose -22*b = -20*b. What is the remainder when (1/3)/(2/48) is divided by -4*((-9)/12 + b)?
2
Suppose 11*a - 16 = 7*a. Suppose -4*q - t + 44 = -q, -68 = -a*q + t. Suppose -9 = w - 55. Calculate the remainder when w is divided by q.
14
Let a = 962 + -915. What is the remainder when 280 is divided by a?
45
Let y(l) = 36*l**2 - 9*l + 17. What is the remainder when y(3) is divided by 9?
8
Suppose -5*x + 145 = 4*j - 175, j + 115 = 2*x. Calculate the remainder when x is divided by 18.
6
Let q(a) = 18*a**2 - 4*a + 2. Let u be q(2). Suppose 3*x + 46 = 2*x. Let y = x + u. What is the remainder when 57 is divided by y?
17
What is the remainder when 388 is divided by 1/(((-10)/650)/(-1))?
63
Suppose g = 6*g - 25. Calculate the remainder when 73 is divided by g.
3
Let g = 61 - 32. Suppose 0 = g*r - 25*r - 120. Let u = 194 + -105. Calculate the remainder when u is divided by r.
29
Suppose -799*o + 5*b = -798*o + 31, 2*o - 3*b = -6. Let f(r) = -4*r**3 + 1. Calculate the remainder when f(-2) is divided by o.
6
Suppose -c + 4*f = -36, -4*c + 7*f = 2*f - 144. Let h = c + -19. Calculate the remainder when 30 is divided by h.
13
Let c = -11 + 13. Let y(m) = -20*m + 20*m + 16*m**3 - 1 + 2*m**c. Calculate the remainder when y(1) is divided by 6.
5
Let s(x) = 13*x**2 - 19*x - 79. What is the remainder when s(-5) is divided by 7?
5
Suppose 0 = -19*a + 212 + 206. What is the remainder when 370 is divided by a?
18
Suppose -4*m + 17 = -19. What is the remainder when 65 is divided by 3*1/m*102?
31
Let l(p) = -19*p - 5. Let x be l(1). Calculate the remainder when 182 is divided by (-760)/x + 2/(-3).
27
What is the remainder when -5 + (-120)/12*(-4 + -2) is divided by 41?
14
Suppose 2*a + 4*p = 24, 0*p + 4*p = -4*a + 52. What is the remainder when 10 is divided by (4/6)/(a/147)?
3
Let n = 233 + -202. Calculate the remainder when n is divided by 14.
3
Suppose o = 11 + 7. Let y = -3 + o. What is the remainder when ((-18)/30*-5 - (-34)/(-10))*-110 is divided by y?
14
Let s(b) = 3*b**2 + 9*b + 22. Let h be s(-10). Let x = h - 119. What is the remainder when x is divided by 13?
9
Let c be ((-15)/(-12))/(1/4). Suppose 0*t = -c*t + 135. What is the remainder when 78 is divided by t?
24
Suppose 23 = 9*r - 58. Suppose -3*p = 2*j - 121, 2*j - 80 = -4*p + 2*p. What is the remainder when p is divided by r?
5
Let a(p) = -15*p - 8. Suppose -55*h = 63*h - 3422. What is the remainder when a(-6) is divided by h?
24
Suppose -3*g + 339 = -0*g. What is the remainder when g is divided by 33?
14
What is the remainder when ((-68)/(-10))/((-11)/(-440)) is divided by 46?
42
What is the remainder when 13 + 35/7 + 1 is divided by 5?
4
Suppose -422*z + 416*z = -78. What is the remainder when 25 is divided by z?
12
Let m(z) = -3*z - 12. Suppose 0 = 5*p + 4*u + 14, -8*u + 4*u = 3*p + 2. What is the remainder when 11 is divided by m(p)?
5
Suppose -4 - 8 = -j. What is the remainder when 238 is divided by j?
10
Suppose 3*y - 219 = 6*l - 3*l, -y - l + 75 = 0. What is the remainder when y is divided by 38?
36
Let f(z) = -22*z + 570. Calculate the remainder when 206 is divided by f(25).
6
Let y(a) = 2*a + 12. Calculate the remainder when 3/((-30)/(-4)) - (-353)/5 is divided by y(3).
17
Let j(v) = v**3 + 10*v**2 - 12*v - 7. Let c be j(-11). Suppose -2*o + 2*x = -3*o + 34, -52 = -2*o + c*x. Calculate the remainder when 87 is divided by o.
27
What is the remainder when 179 is divided by -8*((-165)/10 - -12)?
35
Let k(z) = z**2 + 2*z + 4. Suppose -5*s - 2 - 22 = 2*i, 5*s = -4*i - 28. Calculate the remainder when 6 is divided by k(i).
2
Let g(s) be the second derivative of -s**4/12 - 5*s**3/3 - 7*s**2/2 + 8*s. Let b be g(-7). Calculate the remainder when -1*(-2 + 4) + b is divided by 7.
5
Let l(w) = -w**3 - 6*w**2 + 20*w + 37. What is the remainder when 214 is divided by l(-8)?
4
Let p = -186 + 212. What is the remainder when ((-6)/4)/((-6)/304) is divided by p?
24
Let z be 2/(-3)*(-3)/(-2). Suppose 0 = 4*v - 0*v - 12, f -